a multiple of 20?
True
Is 6828 a multiple of 6?
True
Is 3 a factor of 78?
True
Does 53 divide 1573?
False
Is 34 a factor of 60180?
True
Is 39 a multiple of 13?
True
Is 9141 a multiple of 15?
False
Is 28 a factor of 280?
True
Is 20 a factor of 33060?
True
Does 41 divide 1435?
True
Is 9152 a multiple of 4?
True
Is 3 a factor of 18?
True
Does 4 divide 187?
False
Does 6 divide 768?
True
Is 20 a factor of 500?
True
Is 11606 a multiple of 14?
True
Is 2 a factor of 85?
False
Does 5 divide 26090?
True
Is 6 a factor of 1302?
True
Is 123 a factor of 17376?
False
Is 25 a factor of 42525?
True
Is 6 a factor of 576?
True
Is 78675 a multiple of 92?
False
Does 16 divide 87825?
False
Is 60 a multiple of 20?
True
Is 182 a multiple of 10?
False
Is 30 a factor of 73266?
False
Is 45214 a multiple of 94?
True
Does 24 divide 3485?
False
Does 30 divide 694?
False
Is 6 a factor of 843?
False
Does 92 divide 6069?
False
Is 65 a factor of 32370?
True
Does 2 divide 83?
False
Is 3100 a multiple of 23?
False
Is 90 a factor of 9630?
True
Is 22 a factor of 7458?
True
Is 40 a factor of 40?
True
Does 17 divide 1643?
False
Is 3248 a multiple of 112?
True
Does 8 divide 888?
True
Is 250 a factor of 40000?
True
Is 31 a factor of 2821?
True
Is 20 a factor of 480?
True
Does 11 divide 594?
True
Does 5 divide 4547?
False
Does 22 divide 6446?
True
Is 112212 a multiple of 226?
False
Is 70 a factor of 77?
False
Is 12 a factor of 1599?
False
Is 12896 a multiple of 4?
True
Is 106638 a multiple of 45?
False
Is 283 a factor of 51541?
False
Does 15 divide 777?
False
Is 44 a factor of 6864?
True
Is 6 a factor of 6006?
True
Is 36 a factor of 4248?
True
Is 15464 a multiple of 13?
False
Does 186 divide 15252?
True
Does 29 divide 522?
True
Does 36 divide 902?
False
Is 9 a factor of 374?
False
Is 937 a multiple of 14?
False
Is 975 a multiple of 5?
True
Is 26 a factor of 1663?
False
Is 13248 a multiple of 92?
True
Does 158 divide 51350?
True
Is 23280 a multiple of 20?
True
Is 53289 a multiple of 277?
False
Is 2 a factor of 256?
True
Is 9 a factor of 1066?
False
Is 71 a factor of 1704?
True
Is 18429 a multiple of 3?
True
Is 23 a factor of 1817?
True
Does 21 divide 26922?
True
Does 35 divide 280?
True
Does 138 divide 5404?
False
Does 136 divide 80784?
True
Is 20055 a multiple of 141?
False
Is 5 a factor of 405?
True
Does 133 divide 17441?
False
Is 26 a factor of 2808?
True
Does 11 divide 2791?
False
Is 99 a multiple of 4?
False
Is 8 a factor of 1864?
True
Is 3 a factor of 117?
True
Is 66 a factor of 8796?
False
Is 4134 a multiple of 6?
True
Is 3 a factor of 183?
True
Does 18 divide 3420?
True
Is 117 a multiple of 22?
False
Does 8 divide 4222?
False
Is 40 a factor of 37440?
True
Is 1378 a multiple of 32?
False
Is 60 a factor of 14040?
True
Is 5 a factor of 785?
True
Is 6468 a multiple of 42?
True
Is 39 a factor of 17133?
False
Is 25797 a multiple of 82?
False
Is 17 a factor of 2176?
True
Is 15 a factor of 6261?
False
Is 15 a factor of 3585?
True
Does 9 divide 825?
False
Is 96 a factor of 864?
True
Does 29 divide 1015?
True
Does 88 divide 28717?
False
Is 8 a factor of 250?
False
Does 5 divide 145?
True
Does 11 divide 506?
True
Does 9 divide 2763?
True
Is 2771 a multiple of 17?
True
Does 35 divide 2975?
True
Is 9 a factor of 1917?
True
Is 2133 a multiple of 27?
True
Is 333 a multiple of 37?
True
Does 25 divide 1100?
True
Is 442 a multiple of 26?
True
Is 3 a factor of 237?
True
Is 5067 a multiple of 3?
True
Is 8 a factor of 94?
False
Is 15 a factor of 5805?
True
Is 807 a multiple of 68?
False
Is 5 a factor of 7130?
True
Does 31 divide 13082?
True
Does 11 divide 483?
False
Does 77 divide 6459?
False
Does 6 divide 783?
False
Is 21 a factor of 36286?
False
Is 36 a multiple of 4?
True
Is 11 a factor of 10956?
True
Is 369 even?
False
Does 12 divide 28788?
True
Is 5 a factor of 115?
True
Is 1572 a multiple of 90?
False
Does 5 divide 34843?
False
Does 82 divide 820?
True
Is 29 a factor of 38502?
False
Is 20 a factor of 2198?
False
Is 7344 a multiple of 72?
True
Is 510 a multiple of 34?
True
Does 15 divide 750?
True
Does 13 divide 11557?
True
Does 3 divide 264?
True
Is 16133 a multiple of 73?
True
Does 12 divide 285?
False
Is 35573 a multiple of 14?
False
Is 14215 a multiple of 7?
False
Is 41 a factor of 4802?
False
Is 267 a multiple of 12?
False
Does 9 divide 17514?
True
Is 36 a factor of 8820?
True
Is 199 a factor of 37213?
True
Is 18 a factor of 12078?
True
Does 62 divide 107?
False
Is 47 a factor of 1504?
True
Is 26 a factor of 1430?
True
Is 1386 a multiple of 33?
True
Is 10352 a multiple of 49?
False
Does 7 divide 553?
True
Is 113689 a multiple of 10?
False
Is 662 a multiple of 5?
False
Is 526 a multiple of 2?
True
Is 232 a multiple of 29?
True
Is 3601 a multiple of 13?
True
Does 9 divide 405?
True
Is 33808 a multiple of 65?
False
Does 87 divide 10968?
False
Is 7 a factor of 2998?
False
Is 17 a factor of 1485?
False
Is 55 a factor of 82665?
True
Is 30 a factor of 3985?
False
Does 19 divide 1216?
True
Is 30 a factor of 1230?
True
Does 112 divide 48736?
False
Does 22 divide 1291?
False
Is 1483 a multiple of 19?
False
Does 157 divide 58718?
True
Does 25 divide 356?
False
Is 420 a multiple of 42?
True
Is 4611 a multiple of 83?
False
Does 17 divide 272?
True
Does 46 divide 53038?
True
Is 20 a factor of 14580?
True
Is 5828 a multiple of 32?
False
Is 30 a factor of 1420?
False
Does 32 divide 17304?
False
Does 2 divide 192?
True
Does 8 divide 25374?
False
Does 207 divide 177606?
True
Is 860 a multiple of 10?
True
Is 14745 a multiple of 167?
False
Is 34 a factor of 12852?
True
Is 111880 a multiple of 87?
False
Is 17 a factor of 979?
False
Is 45602 a multiple of 4?
False
Is 47215 a multiple of 71?
True
Is 5548 a multiple of 76?
True
Does 14 divide 1428?
True
Is 19 a factor of 10454?
False
Does 14 divide 6377?
False
Is 94 a factor of 21229?
False
Does 16 divide 976?
True
Is 6266 a multiple of 26?
True
Is 5858 a multiple of 29?
True
Is 119 even?
False
Does 24 divide 2080?
False
Is 1960 a multiple of 56?
True
Is 4171 a multiple of 43?
True
Is 60 a factor of 60?
True
Is 9 a factor of 118?
False
Does 17 divide 7190?
False
Does 29 divide 15660?
True
Is 17 a factor of 901?
True
Is 264 a multiple of 66?
True
Is 943 a multiple of 11?
False
Is 19 a factor of 76?
True
Is 7154 a multiple of 98?
True
Does 58 divide 158?
False
Is 293 a multiple of 134?
False
Does 2 divide 2406?
True
Is 9 a factor of 6487?
False
Does 23 divide 1012?
True
Is 3874 a multiple of 121?
False
Is 104 a multiple of 4?
True
Does 23 divide 460?
True
Is 7452 a multiple of 23?
True
Does 53 divide 6647?
False
Is 3162 even?
True
Is 17115 a multiple of 163?
True
Is 26171 a multiple of 54?
False
Is 28471 a multiple of 71?
True
Is 4156 a multiple of 50?
False
Is 12 a multiple of 9?
False
Is 893 a multiple of 26?
False
Is 3 a factor of 703?
False
Does 22 divide 990?
True
Is 18 a factor of 1962?
True
Is 130 a factor of 81318?
False
Is 11 a multiple of 6?
False
Is 8 a factor of 1208?
True
Does 27 divide 132678?
True
Is 6077 a multiple of 110?
False
Is 6975 a multiple of 45?
True
Is 22 a factor of 447?
False
Does 128 divide 156?
False
Is 6265 a multiple of 8?
False
Does 9 divide 955?
False
Does 42 divide 844?
False
Does 129 divide 714?
False
Is 1943 a multiple of 29?
True
Does 49 divide 4753?
True
Is 61711 a multiple of 47?
True
Does 11 divide 1243?
True
Is 23 a factor of 302?
False
Is 58 a factor of 406?
True
Does 40 divide 375?
False
Is 36 a factor of 786?
False
Is 6925 a multiple of 27?
False
Is 115 a multiple of 8?
False
Is 8 a factor of 1143?
False
Is 9334 a multiple of 13?
True
Is 5280 a multiple of 30?
True
Is 40 a factor of 440?
True
Is 3 a factor of 282?
True
Is 5683 a multiple of 6?
False
Is 30 a multiple of 5?
True
Does 7 divide 1925?
True
Is 1320 a multiple of 88?
True
Is 23877 a multiple of 379?
True
Is 1738 a multiple of 19?
False
Is 47 a factor of 564?
True
Is 27261 a multiple of 39?
True
Is 116 a factor of 1044?
True
Is 1454 a multiple of 2?
True
Is 6072 a multiple of 88?
True
Does 95 divide 2185?
True
Is 7252 a multiple of 17?
False
Is 14547 a multiple of 12?
False
Does 2 divide 450?
True
Is 324 a multiple of 18?
True
Is 30372 a multiple of 128?
False
Does 199 divide 8159?
True
Is 86 a factor of 430?
True
Is 869 a multiple of 70?
False
Does 13 divi